{"version":"1.0","provider_name":"Pap\u00edrs\u00e1rk\u00e1ny","provider_url":"https:\/\/papirsarkany.cafeblog.hu","author_name":"Kl\u00e1ra","author_url":"https:\/\/papirsarkany.cafeblog.hu\/author\/kfridrikgmail-com\/","title":"A ceruza metafora","html":"<p><img class=\"size-medium wp-image-374 alignleft\" src=\"https:\/\/papirsarkany.cafeblog.hu\/files\/2016\/11\/Happy-13th-birthday-300x300.png\" alt=\"\" width=\"300\" height=\"300\" \/>M\u00e1ra is egy vide\u00f3val k\u00e9sz\u00fcltem.<\/p>\r\n<div class=\"\">\r\n<div class=\"_1mf _1mj\">A ceruza metafora nem az \u00e9n tal\u00e1lm\u00e1nyom, m\u00e9g 2007-re vezethet\u0151 vissza. Steve Weeler grafik\u00e1ja a <span class=\"_5u8n\">#pencilchat<\/span> Twitter hashtag alapj\u00e1n k\u00e9sz\u00fclt, ami annak idej\u00e9n rettenetesen popul\u00e1ris volt a tan\u00e1rok k\u00f6r\u00e9ben. A <span class=\"_5u8n\">#pencilchat<\/span>-en bel\u00fcl a tan\u00e1rok kifejezt\u00e9k v\u00e9lem\u00e9ny\u00fcket a technol\u00f3gia oktat\u00e1sba val\u00f3 integr\u00e1l\u00e1s\u00e1r\u00f3l. Mind le\u00edrt\u00e1k az \u00e1ll\u00e1spontjukat \u00e9s b\u00e1r maga a grafika rettenetesen egyszer\u0171, ebben rejlik a l\u00e9nyege. Aki k\u00edv\u00e1ncsi a r\u00e9szeltekre ut\u00e1naj\u00e1rhat <a href=\"https:\/\/twitter.com\/hashtag\/pencilchat\">Twitteren<\/a>.<\/div>\r\n<div class=\"_1mf _1mj\">\u00a0<\/div>\r\n<div class=\"_1mf _1mj\">A ceruza metafor\u00e1t <a href=\"http:\/\/www.teachthought.com\/uncategorized\/pencil-metaphor-how-teachers-respond-to-education-technology\/?crlt_pid=camp.kh7XG5ANYrjW\">itt<\/a> tal\u00e1ltam \u00e9s mivel \u00e9rdekesnek tartom, gondoltam megosztom veletek.<\/div>\r\n<\/div>\r\n<p>&nbsp;<\/p>\r\n<p>http:\/\/www.youtube.com\/watch?v=Lw_Qu1wMf6U<\/p>\r\n<p><em><strong>Ti melyik csoporthoz tartoztok?<\/strong><\/em> u.i.:Hamarosan megosztom veletek, hogy hogyan k\u00e9sz\u00fclt ez a vide\u00f3. Addig is k\u00f6vess\u00e9tek a <a href=\"https:\/\/www.youtube.com\/channel\/UC-B2Uw3y1c5Y-DiH3T9e6Vg\">Pap\u00edrs\u00e1rk\u00e1ny csatorn\u00e1t<\/a>. \u00a0<\/p>","type":"rich","thumbnail_url":"https:\/\/papirsarkany.cafeblog.hu\/files\/2016\/11\/Happy-13th-birthday-150x150.png","thumbnail_width":150,"thumbnail_height":150}

Papírsárkány

Klára

<p><img class="size-medium wp-image-374 alignleft" src="https://papirsarkany.cafeblog.hu/files/2016/11/Happy-13th-birthday-300x300.png" alt="" width="300" height="300" />Mára is egy videóval készültem.</p>
<div class="">
<div class="_1mf _1mj">A ceruza metafora nem az én találmányom, még 2007-re vezethető vissza. Steve Weeler grafikája a <span class="_5u8n">#pencilchat</span> Twitter hashtag alapján készült, ami annak idején rettenetesen populáris volt a tanárok körében. A <span class="_5u8n">#pencilchat</span>-en belül a tanárok kifejezték véleményüket a technológia oktatásba való integrálásáról. Mind leírták az álláspontjukat és bár maga a grafika rettenetesen egyszerű, ebben rejlik a lényege. Aki kíváncsi a részeltekre utánajárhat <a href="https://twitter.com/hashtag/pencilchat">Twitteren</a>.</div>
<div class="_1mf _1mj"> </div>
<div class="_1mf _1mj">A ceruza metaforát <a href="http://www.teachthought.com/uncategorized/pencil-metaphor-how-teachers-respond-to-education-technology/?crlt_pid=camp.kh7XG5ANYrjW">itt</a> találtam és mivel érdekesnek tartom, gondoltam megosztom veletek.</div>
</div>
<p>&nbsp;</p>
<p>http://www.youtube.com/watch?v=Lw_Qu1wMf6U</p>
<p><em><strong>Ti melyik csoporthoz tartoztok?</strong></em> u.i.:Hamarosan megosztom veletek, hogy hogyan készült ez a videó. Addig is kövessétek a <a href="https://www.youtube.com/channel/UC-B2Uw3y1c5Y-DiH3T9e6Vg">Papírsárkány csatornát</a>.  </p>
